8aa
In base 12, what is 114 + -251?
-139
In base 2, what is 101100000 + 1011011?
110111011
In base 11, what is 775 + 39?
803
In base 10, what is 1154 + 201?
1355
In base 12, what is -5a0 + 36?
-566
In base 6, what is -114010 - -4?
-114002
In base 3, what is -21 - 1001200202?
-1001201000
In base 16, what is 3533 + -c?
3527
In base 14, what is -6 - ad390?
-ad396
In base 14, what is -d4d - -25?
-d28
In base 12, what is 16 - -1272?
1288
In base 8, what is 313354 - 5?
313347
In base 6, what is -401525 + -4?
-401533
In base 3, what is 1002201 - 11000?
221201
In base 2, what is 101111010110 - -10000001?
110001010111
In base 15, what is 7 - c79?
-c72
In base 12, what is -102 + -675b?
-6861
In base 3, what is 1212 + -2110100200?
-2110021211
In base 8, what is 442 + -320?
122
In base 3, what is 11 + 102021110121?
102021110202
In base 3, what is -1 - -122112100120?
122112100112
In base 8, what is 16436221 - -4?
16436225
In base 12, what is -765b8 + -14?
-76610
In base 3, what is 2120 - -1101101?
1110221
In base 6, what is 12232512 - -2?
12232514
In base 5, what is 30 + -32112?
-32032
In base 7, what is -140643 + -1?
-140644
In base 4, what is -222323101 + -2?
-222323103
In base 2, what is 101110 - 11110101110?
-11110000000
In base 10, what is 32 - -23345?
23377
In base 15, what is b - 980a?
-97ee
In base 11, what is -291 - 157?
-438
In base 9, what is 8645422 + 1?
8645423
In base 13, what is 61b + -b?
610
In base 9, what is 482 + -15256?
-14664
In base 15, what is 1c587 + 3?
1c58a
In base 4, what is -1332 + 11022?
3030
In base 11, what is -5297 + 10?
-5287
In base 7, what is -22 - -244606?
244554
In base 5, what is -4423 - -33032?
23104
In base 2, what is -10 - -11011110000001010?
11011110000001000
In base 16, what is 1 - 3302?
-3301
In base 7, what is 460 + -605?
-115
In base 16, what is -1 - 194d?
-194e
In base 3, what is 12 + 202202211?
202210000
In base 7, what is 31 + 1642?
2003
In base 4, what is 10311 - 1322333?
-1312022
In base 11, what is 69a7 + 165?
7061
In base 4, what is 1100 - 311331?
-310231
In base 9, what is 0 + -174070?
-174070
In base 14, what is -40 - -45?
5
In base 10, what is 5 + 5584?
5589
In base 3, what is 1021222 + -222012?
22210
In base 8, what is 643 + 15377?
16242
In base 12, what is -2352 - 5a?
-23b0
In base 12, what is 1444 + -15?
142b
In base 7, what is 326613 - -5?
326621
In base 5, what is -33431 + -30?
-34011
In base 2, what is 10101001000101001 - 101?
10101001000100100
In base 10, what is 3793 - 264?
3529
In base 3, what is 22102 + 10112102?
10211211
In base 6, what is -5005 - 1015?
-10024
In base 11, what is -218709 - 4?
-218712
In base 10, what is 10984 + -65?
10919
In base 16, what is 239 + -4f0?
-2b7
In base 14, what is 3 - 27c81?
-27c7c
In base 8, what is 2 - 27124?
-27122
In base 8, what is -3055355 - -6?
-3055347
In base 11, what is 11100 - -a?
1110a
In base 7, what is 5 + 102342?
102350
In base 5, what is -13 + -2120?
-2133
In base 10, what is 1728 - 2712?
-984
In base 9, what is 2 + -36845?
-36843
In base 2, what is -111000100011000 + -111?
-111000100011111
In base 14, what is 2bbb + -16?
2ba5
In base 11, what is -774 + -116?
-88a
In base 12, what is 448b52 + 0?
448b52
In base 9, what is 17 - -21476?
21504
In base 7, what is -5 - 2245021?
-2245026
In base 7, what is 2 - 5605630?
-5605625
In base 2, what is 10010 + 100000101000001001?
100000101000011011
In base 2, what is 11011111110 + 0?
11011111110
In base 2, what is -1010011111000 - 1?
-1010011111001
In base 11, what is 16 - -402?
418
In base 14, what is -8 + 13bd?
13b5
In base 5, what is 10 - 34122210?
-34122200
In base 14, what is -31 - -14d67?
14d36
In base 6, what is 1013 + 4?
1021
In base 10, what is -8 + 21953?
21945
In base 3, what is -12 - -11211112?
11211100
In base 15, what is 8324 + -3?
8321
In base 9, what is 101241 - 5?
101235
In base 12, what is 0 - 1925?
-1925
In base 10, what is 0 - 26836?
-26836
In base 3, what is -10212002 - 12011?
-11001020
In base 16, what is 4 - af2cd?
-af2c9
In base 10, what is 5 - -85689?
85694
In base 2, what is 10100000 - 1011111100?
-1001011100
In base 9, what is 126310 - 2?
126307
In base 15, what is -297 + 36?
-261
In base 3, what is 12222020 + -10?
12222010
In base 5, what is -13200 - 402?
-14102
In base 14, what is -345 + 2?
-343
In base 11, what is -2 - -1821?
181a
In base 9, what is 403 - 204?
188
In base 6, what is -2241 - -21531?
15250
In base 3, what is -10112020 + -20222?
-10210012
In base 5, what is 2221 - 2114?
102
In base 2, what is -101 + 111101110001110?
111101110001001
In base 6, what is 1543555 + 1?
1544000
In base 8, what is 22 - 46037?
-46015
In base 3, what is 10012 + -12110211?
-12100122
In base 7, what is -5 - 5214?
-5222
In base 5, what is 403321 + 10?
403331
In base 5, what is -1332 - 2141?
-4023
In base 12, what is 204785 - -13?
204798
In base 5, what is 10001312 - -30?
10001342
In base 11, what is 4 - -11a92?
11a96
In base 10, what is 244 + 142?
386
In base 8, what is 16 + 560?
576
In base 5, what is -2 + -104312?
-104314
In base 15, what is c - -3565?
3572
In base 5, what is 0 - 100422?
-100422
In base 3, what is 210202210 + 11002?
210220212
In base 13, what is 1 - 2c3c?
-2c3b
In base 14, what is 74 - -45b?
4d1
In base 14, what is 186a - 4?
1866
In base 2, what is 11010010 - -111?
11011001
In base 11, what is -7 + 225?
219
In base 8, what is -273 + -12643?
-13136
In base 4, what is 13 + -3213?
-3200
In base 2, what is -101100110000011 + -10?
-101100110000101
In base 8, what is -23 - 1714?
-1737
In base 11, what is -168 - -1805?
1648
In base 16, what is -3 - -df2b?
df28
In base 3, what is -102201 - -1020?
-101111
In base 11, what is -60 + -8025?
-8085
In base 5, what is -20 - 104010?
-104030
In base 7, what is 1 - -43606?
43610
In base 12, what is 3a + a9b?
b19
In base 13, what is 37966a + -3?
379667
In base 14, what is 235c + -d?
234d
In base 14, what is -10 + -16197?
-161a7
In base 14, what is 30d3 + 61?
3154
In base 4, what is 0 + -130110?
-130110
In base 5, what is 2140330443 + 4?
2140331002
In base 14, what is 9672c + 2?
96730
In base 8, what is -13262 - -163?
-13077
In base 8, what is -12 + 106665?
106653
In base 10, what is -231 + 22?
-209
In base 6, what is 4 - 35302?
-35254
In base 10, what is 82519 + 2?
82521
In base 5, what is -4434 - 112331?
-122320
In base 11, what is -14a2 + 0?
-14a2
In base 7, what is 544 + 1333?
2210
In base 11, what is 4 - 52721?
-52718
In base 8, what is -23053 - 4?
-23057
In base 16, what is 3 - 281f?
-281c
In base 8, what is 1 + 45352?
45353
In base 4, what is 202 + 103320?
110122
In base 13, what is 0 + 460b8?
460b8
In base 14, what is -4 + 2625?
2621
In base 6, what is 13 + -40102?
-40045
In base 9, what is -2324152 - 1?
-2324153
In base 12, what is a6 + -763?
-679
In base 11, what is -904 + 321?
-593
In base 14, what is 1 + 25763?
25764
In base 11, what is 9 + -394a?
-3941
In base 13, what is a3c + -22?
a1a
In base 11, what is 3 + -146568?
-146565
In base 6, what is -12010 + 12?
-11554
In base 3, what is -11002221 + 110020?
-10122201
In base 4, what is -210130 + -110130?
-320320
In base 11, what is 35119 - -2?
35120
In base 11, what is -1 - 16503?
-16504
In base 16, what is -34 - -106c?
1038
In base 3, what is 11111211 - -1101?
11120012
In base 7, what is -21416 + -12?
-21431
In base 3, what is 12020 + -1002001011?
-1001211221
In base 3, what is -10 + 201220121?
201220111
In base 5, what is 3403104 - 3?
3403101
In base 12, what is 5 + -3a35?
-3a30
In base 4, what is -2 - 11103123331?
-11103123333
In base 7, what is -56334 - 606?
-60243
In base 12, what is -364067 + 2?
-364065
In base 12, what is 58985 - 6?
5897b
In base 16, what is 1 - -23c52?
23c53
In base 11, what is 11 + 1a216?
1a227
In base 3, what is 1122210212 - 10?
1122210202
In base 2, what is -111110001101010 - 10000?
-111110001111010
In base 2, what is -10101110001111111 - 111?
-10101110010000110
In base 2, what is -10000011 - 10000111000000?
-10001001000011
In base 16, what is -112 + -e7c?
-f8e
In base 6, what is -422550 - 3?
-422553
In base 14, what is -1c4739 + -2?
-1c473b
In base 16, what is c - 4966?
-495a
In base 10, what is -5 - 5346?
-5351
In base 14, what is 12818a - 0?
12818a
In base 5, what is 203 - -33301?
34004
In base 6, what is 231544 - -4?
231552
In base 10, what is 22 + 